{"id":180,"date":"2021-09-21T17:33:21","date_gmt":"2021-09-21T17:33:21","guid":{"rendered":"https:\/\/edumusique.ch\/wp\/?page_id=180"},"modified":"2025-02-05T20:16:49","modified_gmt":"2025-02-05T20:16:49","slug":"intonation-9h","status":"publish","type":"page","link":"https:\/\/edumusique.ch\/?page_id=180","title":{"rendered":"Intonation"},"content":{"rendered":"\n<figure class=\"wp-block-image size-large\"><img loading=\"lazy\" decoding=\"async\" width=\"1024\" height=\"350\" src=\"https:\/\/edumusique.ch\/wp-content\/uploads\/2021\/09\/intonation-1024x350.png\" alt=\"\" class=\"wp-image-1459\" srcset=\"https:\/\/edumusique.ch\/wp-content\/uploads\/2021\/09\/intonation-1024x350.png 1024w, https:\/\/edumusique.ch\/wp-content\/uploads\/2021\/09\/intonation-300x102.png 300w, https:\/\/edumusique.ch\/wp-content\/uploads\/2021\/09\/intonation-768x262.png 768w, https:\/\/edumusique.ch\/wp-content\/uploads\/2021\/09\/intonation-1536x525.png 1536w, https:\/\/edumusique.ch\/wp-content\/uploads\/2021\/09\/intonation.png 1552w\" sizes=\"auto, (max-width: 1024px) 100vw, 1024px\" \/><\/figure>\n\n\n\n<h2 class=\"wp-block-heading\">Pour s&rsquo;entra\u00eener \u00e0 la lecture de note<\/h2>\n\n\n\n<div class=\"wp-block-buttons alignwide is-content-justification-center is-layout-flex wp-container-core-buttons-is-layout-5249bbc0 wp-block-buttons-is-layout-flex\">\n<div class=\"wp-block-button\"><a class=\"wp-block-button__link has-text-align-center wp-element-button\" href=\"https:\/\/www.lire-les-notes.com\/\">lire-les-notes.com<\/a><\/div>\n<\/div>\n\n\n\n<div class=\"wp-block-buttons alignfull is-layout-flex wp-block-buttons-is-layout-flex\"><\/div>\n\n\n\n<h2 class=\"wp-block-heading\">Reconnaissance auditive autour de l&rsquo;arp\u00e8ge de Do majeur<\/h2>\n\n\n\n<h2 class=\"wp-block-heading\">Exercice 1<\/h2>\n\n\n\n<iframe src=\"\/\/LearningApps.org\/watch?app=3639051\" style=\"border:0px;width:100%;height:500px\" webkitallowfullscreen=\"true\" mozallowfullscreen=\"true\"><\/iframe>\n\n\n\n<h2 class=\"wp-block-heading\">Exercice 2<\/h2>\n\n\n\n<iframe src=\"\/\/LearningApps.org\/watch?app=3737618\" style=\"border:0px;width:100%;height:500px\" webkitallowfullscreen=\"true\" mozallowfullscreen=\"true\"><\/iframe>\n\n\n\n<h2 class=\"wp-block-heading\">Exercice 3 &#8211; Autour de la chanson \u00ab\u00a0La nuit des roses\u00a0\u00bb<\/h2>\n\n\n\n<iframe src=\"\/\/LearningApps.org\/watch?app=3742364\" style=\"border:0px;width:100%;height:500px\" webkitallowfullscreen=\"true\" mozallowfullscreen=\"true\"><\/iframe>\n\n\n\n<h2 class=\"wp-block-heading\">Exercice 4 &#8211; Autour de la chanson \u00ab\u00a0La nuit des roses\u00a0\u00bb<\/h2>\n\n\n\n<iframe src=\"\/\/LearningApps.org\/watch?app=3742332\" style=\"border:0px;width:100%;height:500px\" webkitallowfullscreen=\"true\" mozallowfullscreen=\"true\"><\/iframe>\n","protected":false},"excerpt":{"rendered":"<p>Pour s&rsquo;entra\u00eener \u00e0 la lecture de note Reconnaissance auditive autour de l&rsquo;arp\u00e8ge de Do majeur Exercice 1 Exercice 2 Exercice<\/p>\n<p><a href=\"https:\/\/edumusique.ch\/?page_id=180\" class=\"more-link\">Continue reading<span class=\"screen-reader-text\">Intonation<\/span><\/a><\/p>\n","protected":false},"author":1,"featured_media":0,"parent":0,"menu_order":0,"comment_status":"closed","ping_status":"closed","template":"","meta":{"footnotes":""},"class_list":["post-180","page","type-page","status-publish","hentry"],"_links":{"self":[{"href":"https:\/\/edumusique.ch\/index.php?rest_route=\/wp\/v2\/pages\/180","targetHints":{"allow":["GET"]}}],"collection":[{"href":"https:\/\/edumusique.ch\/index.php?rest_route=\/wp\/v2\/pages"}],"about":[{"href":"https:\/\/edumusique.ch\/index.php?rest_route=\/wp\/v2\/types\/page"}],"author":[{"embeddable":true,"href":"https:\/\/edumusique.ch\/index.php?rest_route=\/wp\/v2\/users\/1"}],"replies":[{"embeddable":true,"href":"https:\/\/edumusique.ch\/index.php?rest_route=%2Fwp%2Fv2%2Fcomments&post=180"}],"version-history":[{"count":10,"href":"https:\/\/edumusique.ch\/index.php?rest_route=\/wp\/v2\/pages\/180\/revisions"}],"predecessor-version":[{"id":5261,"href":"https:\/\/edumusique.ch\/index.php?rest_route=\/wp\/v2\/pages\/180\/revisions\/5261"}],"wp:attachment":[{"href":"https:\/\/edumusique.ch\/index.php?rest_route=%2Fwp%2Fv2%2Fmedia&parent=180"}],"curies":[{"name":"wp","href":"https:\/\/api.w.org\/{rel}","templated":true}]}}

<figure class="wp-block-image size-large"><img loading="lazy" decoding="async" width="1024" height="350" src="https://edumusique.ch/wp-content/uploads/2021/09/intonation-1024x350.png" alt="" class="wp-image-1459" srcset="https://edumusique.ch/wp-content/uploads/2021/09/intonation-1024x350.png 1024w, https://edumusique.ch/wp-content/uploads/2021/09/intonation-300x102.png 300w, https://edumusique.ch/wp-content/uploads/2021/09/intonation-768x262.png 768w, https://edumusique.ch/wp-content/uploads/2021/09/intonation-1536x525.png 1536w, https://edumusique.ch/wp-content/uploads/2021/09/intonation.png 1552w" sizes="auto, (max-width: 1024px) 100vw, 1024px" /></figure>



<h2 class="wp-block-heading">Pour s&rsquo;entraîner à la lecture de note</h2>



<div class="wp-block-buttons alignwide is-content-justification-center is-layout-flex wp-container-core-buttons-is-layout-5249bbc0 wp-block-buttons-is-layout-flex">
<div class="wp-block-button"><a class="wp-block-button__link has-text-align-center wp-element-button" href="https://www.lire-les-notes.com/">lire-les-notes.com</a></div>
</div>



<div class="wp-block-buttons alignfull is-layout-flex wp-block-buttons-is-layout-flex"></div>



<h2 class="wp-block-heading">Reconnaissance auditive autour de l&rsquo;arpège de Do majeur</h2>



<h2 class="wp-block-heading">Exercice 1</h2>



<iframe src="//LearningApps.org/watch?app=3639051" style="border:0px;width:100%;height:500px" webkitallowfullscreen="true" mozallowfullscreen="true"></iframe>



<h2 class="wp-block-heading">Exercice 2</h2>



<iframe src="//LearningApps.org/watch?app=3737618" style="border:0px;width:100%;height:500px" webkitallowfullscreen="true" mozallowfullscreen="true"></iframe>



<h2 class="wp-block-heading">Exercice 3 &#8211; Autour de la chanson « La nuit des roses »</h2>



<iframe src="//LearningApps.org/watch?app=3742364" style="border:0px;width:100%;height:500px" webkitallowfullscreen="true" mozallowfullscreen="true"></iframe>



<h2 class="wp-block-heading">Exercice 4 &#8211; Autour de la chanson « La nuit des roses »</h2>



<iframe src="//LearningApps.org/watch?app=3742332" style="border:0px;width:100%;height:500px" webkitallowfullscreen="true" mozallowfullscreen="true"></iframe>

<p>Pour s&rsquo;entraîner à la lecture de note Reconnaissance auditive autour de l&rsquo;arpège de Do majeur Exercice 1 Exercice 2 Exercice</p>
<p><a href="https://edumusique.ch/?page_id=180" class="more-link">Continue reading<span class="screen-reader-text">Intonation</span></a></p>
